{"id":19,"date":"2022-10-11T11:05:30","date_gmt":"2022-10-11T14:05:30","guid":{"rendered":"http:\/\/www.anpepro.org.br\/eppgep2023\/?page_id=19"},"modified":"2026-03-17T15:38:11","modified_gmt":"2026-03-17T18:38:11","slug":"comites","status":"publish","type":"page","link":"https:\/\/www.anpepro.org.br\/eppgep2026\/comites\/","title":{"rendered":"Comit\u00eas"},"content":{"rendered":"<h2><b><strong>COMISS\u00c3O ORGANIZADORA LOCAL<br \/>\n<\/strong><\/b><\/h2>\n<p>Luciana Hazin Alencar (UFPE) \u2013 Coordenadora<br \/>\nMaisa Mendon\u00e7a Silva (UFPE)<br \/>\nRodrigo Jos\u00e9 Pires Ferreira (UFPE)<br \/>\nMarcelo Hazin Alencar (UFPE)<br \/>\nFabio Antonio Sartori Piran (Unisinos)<br \/>\nIgor Peres (PUC-Rio)<br \/>\nRafael Martinelli (PUC-Rio)<br \/>\nMarcelo Gon\u00e7alves Trentin (UTFPR)<br \/>\nRoberto Zanetti Freire (UTFPR)<\/p>\n<h2><b><strong>COMISS\u00c3O ORGANIZADORA ANPEPRO<br \/>\n<\/strong><\/b><\/h2>\n<p>Diretor Presidente: Fernando Cyrino (PUC-Rio)<br \/>\nDiretor Executivo: Fl\u00e1vio Sanson Fogliatto (UFRGS)<br \/>\nDiretora Cient\u00edfica: Ana Paula Cabral (UFPE)<br \/>\nDiretora de Eventos: Cristina Gomes de Souza (CEFET\/RJ)<\/p>\n<h2><b><strong>COORDENA\u00c7\u00c3O CIENT\u00cdFICA\u00a0<\/strong><\/b><\/h2>\n<p>Ana Paula Cabral (UFPE)<br \/>\nCristina Gomes de Souza (CEFET\/RJ)<\/p>\n<h2><b><strong>COMIT\u00ca DE PROGRAMA<\/strong><\/b><\/h2>\n<p>Alvaro Neuenfeldt J\u00fanior (UFSM)<\/p>\n<p>Ana Paula Cabral Seixas Costa (UFPE)<\/p>\n<p>Andrei Bonamigo (UFF)<\/p>\n<p>Ant\u00f4nio Augusto Chaves (UNIFESP)<\/p>\n<p>Antonio Fernando Branco Costa (UNIFEI)<\/p>\n<p>Antonio Marcio Tavares Thom\u00e9 (PUC-Rio)<\/p>\n<p>Antonio Roberto Balbo (UNESP)<\/p>\n<p>Aurelio Ribeiro Leite de Oliveira (UNICAMP)<\/p>\n<p>Caroline Rodrigues Vaz (UFSC)<\/p>\n<p>Cl\u00e1udia Fabiana Gohr (UFPB)<\/p>\n<p>Claudio Fabiano Motta Toledo (USP)<\/p>\n<p>Cristiano Hora de Oliveira Fontes (UFBA)<\/p>\n<p>Cristina Gomes de Souza (CEFET\/RJ)<\/p>\n<p>Daniel Pacheco Lacerda (UFSC)<\/p>\n<p>Danielle Costa Morais (UFPE)<\/p>\n<p>Diogo Aparecido Lopes Silva (UFSCAR)<\/p>\n<p>Eduarda Asfora Frej (UFPE)<\/p>\n<p>Eduardo Uchoa Barboza (UFF)<\/p>\n<p>Elton Fernandes (UFRJ)<\/p>\n<p>Enzo Morosini Frazzon (UFSC)<\/p>\n<p>Fabio Antonio Sartori Piran (UNISINOS)<\/p>\n<p>Fabio Henrique Pereira (UNINOVE)<\/p>\n<p>F\u00e1bio Luiz Usberti (UNICAMP)<\/p>\n<p>Feni Dalano Roosevelt Agostinho (UNIP)<\/p>\n<p>Fernanda Araujo Bai\u00e3o (PUC-Rio)<\/p>\n<p>Fernando Cyrino (PUC-Rio)<\/p>\n<p>Fernando Luiz Pereira de Oliveira (UFOP)<\/p>\n<p>Flavio Fogliatto (UFRGS)<\/p>\n<p>Gilberto Reynoso Meza (PUC-PR)<\/p>\n<p>Gilson Adamczuk Oliveira (UTFPR)<\/p>\n<p>Gilson Brito Alves Lima (UFF)<\/p>\n<p>Glauco Henrique de Sousa Mendes (UFSCAR)<\/p>\n<p>Helder Gomes Costa (UFF)<\/p>\n<p>Helenice de Oliveira Florentino Silva (UNESP)<\/p>\n<p>Igor Tona Peres (PUC-Rio)<\/p>\n<p>Leandro Chaves R\u00eago (UFC)<\/p>\n<p>Leandro Gauss UNISINOS)<\/p>\n<p>Leandro Magat\u00e3o (UTFPR)<\/p>\n<p>Leonardo Bastos (PUC-Rio)<\/p>\n<p>Leonardo Pessoa (UFF)<\/p>\n<p>Leonardo Silva de Lima (UFPR)<\/p>\n<p>Liane Mahlmann Kipper (UNISC)<\/p>\n<p>Lidia Angulo Meza (UFF)<\/p>\n<p>Lizandra Garcia Lupi Vergara (UFSC)<\/p>\n<p>Luciana Hazin Alencar (UFPE)<\/p>\n<p>Luciano Ferreira (UFRGS)<\/p>\n<p>Lucila Maria de Souza Campos (UFSC)<\/p>\n<p>Luiz Leduino de Salles Neto (UNIFESP)<\/p>\n<p>Ma\u00edsa Mendon\u00e7a Silva (UFPE)<\/p>\n<p>Marcelo Hazin Alencar (UFPE)<\/p>\n<p>Marcelo Jos\u00e9 Carrer (UFSCAR)<\/p>\n<p>M\u00e1rcio Jos\u00e9 das Chagas Moura (UFPE)<\/p>\n<p>Marcone Jamilson Freitas Souza (UFOP)<\/p>\n<p>Maristela Oliveira dos Santos (USP)<\/p>\n<p>Michel J Anzanello (UFRGS)<\/p>\n<p>Miguel Afonso Sellitto (UNISINOS)<\/p>\n<p>Miriam Brochardt (Unisinos)<\/p>\n<p>Nestor Ayala (UFRGS)<\/p>\n<p>Osvaldo Luiz\u00a0 Gon\u00e7alves\u00a0 Quelhas (UFF)<\/p>\n<p>Rafael de Carvalho Miranda (UNIFEI)<\/p>\n<p>Renata R. Del-Vecchio (UFF)<\/p>\n<p>Roberta de Castro Souza Piao (USP)<\/p>\n<p>Rodrigo Caiado (PUC-Rio)<\/p>\n<p>Sandra Naomi Morioka (UFPB)<\/p>\n<p>Tarcisio Abreu Saurin (UFRGS)<\/p>\n<p>Tharcisio Cotta Fontainha (UFRJ)<\/p>\n<p>Washington Alves de Oliveira (UNICAMP)<\/p>\n","protected":false},"excerpt":{"rendered":"<p>COMISS\u00c3O ORGANIZADORA LOCAL Luciana Hazin Alencar (UFPE) \u2013 Coordenadora Maisa Mendon\u00e7a Silva (UFPE) Rodrigo Jos\u00e9 Pires Ferreira (UFPE) Marcelo Hazin Alencar (UFPE) Fabio Antonio Sartori Piran (Unisinos) Igor Peres (PUC-Rio) Rafael Martinelli (PUC-Rio) Marcelo Gon\u00e7alves Trentin (UTFPR) Roberto Zanetti Freire (UTFPR) COMISS\u00c3O ORGANIZADORA ANPEPRO Diretor Presidente: Fernando Cyrino (PUC-Rio) Diretor Executivo: Fl\u00e1vio Sanson Fogliatto (UFRGS) &hellip; <\/p>\n","protected":false},"author":1,"featured_media":0,"parent":0,"menu_order":0,"comment_status":"closed","ping_status":"closed","template":"","meta":{"footnotes":""},"class_list":["post-19","page","type-page","status-publish","hentry"],"_links":{"self":[{"href":"https:\/\/www.anpepro.org.br\/eppgep2026\/wp-json\/wp\/v2\/pages\/19","targetHints":{"allow":["GET"]}}],"collection":[{"href":"https:\/\/www.anpepro.org.br\/eppgep2026\/wp-json\/wp\/v2\/pages"}],"about":[{"href":"https:\/\/www.anpepro.org.br\/eppgep2026\/wp-json\/wp\/v2\/types\/page"}],"author":[{"embeddable":true,"href":"https:\/\/www.anpepro.org.br\/eppgep2026\/wp-json\/wp\/v2\/users\/1"}],"replies":[{"embeddable":true,"href":"https:\/\/www.anpepro.org.br\/eppgep2026\/wp-json\/wp\/v2\/comments?post=19"}],"version-history":[{"count":28,"href":"https:\/\/www.anpepro.org.br\/eppgep2026\/wp-json\/wp\/v2\/pages\/19\/revisions"}],"predecessor-version":[{"id":681,"href":"https:\/\/www.anpepro.org.br\/eppgep2026\/wp-json\/wp\/v2\/pages\/19\/revisions\/681"}],"wp:attachment":[{"href":"https:\/\/www.anpepro.org.br\/eppgep2026\/wp-json\/wp\/v2\/media?parent=19"}],"curies":[{"name":"wp","href":"https:\/\/api.w.org\/{rel}","templated":true}]}}

Comitês

<h2><b><strong>COMISSÃO ORGANIZADORA LOCAL<br />
</strong></b></h2>
<p>Luciana Hazin Alencar (UFPE) – Coordenadora<br />
Maisa Mendonça Silva (UFPE)<br />
Rodrigo José Pires Ferreira (UFPE)<br />
Marcelo Hazin Alencar (UFPE)<br />
Fabio Antonio Sartori Piran (Unisinos)<br />
Igor Peres (PUC-Rio)<br />
Rafael Martinelli (PUC-Rio)<br />
Marcelo Gonçalves Trentin (UTFPR)<br />
Roberto Zanetti Freire (UTFPR)</p>
<h2><b><strong>COMISSÃO ORGANIZADORA ANPEPRO<br />
</strong></b></h2>
<p>Diretor Presidente: Fernando Cyrino (PUC-Rio)<br />
Diretor Executivo: Flávio Sanson Fogliatto (UFRGS)<br />
Diretora Científica: Ana Paula Cabral (UFPE)<br />
Diretora de Eventos: Cristina Gomes de Souza (CEFET/RJ)</p>
<h2><b><strong>COORDENAÇÃO CIENTÍFICA </strong></b></h2>
<p>Ana Paula Cabral (UFPE)<br />
Cristina Gomes de Souza (CEFET/RJ)</p>
<h2><b><strong>COMITÊ DE PROGRAMA</strong></b></h2>
<p>Alvaro Neuenfeldt Júnior (UFSM)</p>
<p>Ana Paula Cabral Seixas Costa (UFPE)</p>
<p>Andrei Bonamigo (UFF)</p>
<p>Antônio Augusto Chaves (UNIFESP)</p>
<p>Antonio Fernando Branco Costa (UNIFEI)</p>
<p>Antonio Marcio Tavares Thomé (PUC-Rio)</p>
<p>Antonio Roberto Balbo (UNESP)</p>
<p>Aurelio Ribeiro Leite de Oliveira (UNICAMP)</p>
<p>Caroline Rodrigues Vaz (UFSC)</p>
<p>Cláudia Fabiana Gohr (UFPB)</p>
<p>Claudio Fabiano Motta Toledo (USP)</p>
<p>Cristiano Hora de Oliveira Fontes (UFBA)</p>
<p>Cristina Gomes de Souza (CEFET/RJ)</p>
<p>Daniel Pacheco Lacerda (UFSC)</p>
<p>Danielle Costa Morais (UFPE)</p>
<p>Diogo Aparecido Lopes Silva (UFSCAR)</p>
<p>Eduarda Asfora Frej (UFPE)</p>
<p>Eduardo Uchoa Barboza (UFF)</p>
<p>Elton Fernandes (UFRJ)</p>
<p>Enzo Morosini Frazzon (UFSC)</p>
<p>Fabio Antonio Sartori Piran (UNISINOS)</p>
<p>Fabio Henrique Pereira (UNINOVE)</p>
<p>Fábio Luiz Usberti (UNICAMP)</p>
<p>Feni Dalano Roosevelt Agostinho (UNIP)</p>
<p>Fernanda Araujo Baião (PUC-Rio)</p>
<p>Fernando Cyrino (PUC-Rio)</p>
<p>Fernando Luiz Pereira de Oliveira (UFOP)</p>
<p>Flavio Fogliatto (UFRGS)</p>
<p>Gilberto Reynoso Meza (PUC-PR)</p>
<p>Gilson Adamczuk Oliveira (UTFPR)</p>
<p>Gilson Brito Alves Lima (UFF)</p>
<p>Glauco Henrique de Sousa Mendes (UFSCAR)</p>
<p>Helder Gomes Costa (UFF)</p>
<p>Helenice de Oliveira Florentino Silva (UNESP)</p>
<p>Igor Tona Peres (PUC-Rio)</p>
<p>Leandro Chaves Rêgo (UFC)</p>
<p>Leandro Gauss UNISINOS)</p>
<p>Leandro Magatão (UTFPR)</p>
<p>Leonardo Bastos (PUC-Rio)</p>
<p>Leonardo Pessoa (UFF)</p>
<p>Leonardo Silva de Lima (UFPR)</p>
<p>Liane Mahlmann Kipper (UNISC)</p>
<p>Lidia Angulo Meza (UFF)</p>
<p>Lizandra Garcia Lupi Vergara (UFSC)</p>
<p>Luciana Hazin Alencar (UFPE)</p>
<p>Luciano Ferreira (UFRGS)</p>
<p>Lucila Maria de Souza Campos (UFSC)</p>
<p>Luiz Leduino de Salles Neto (UNIFESP)</p>
<p>Maísa Mendonça Silva (UFPE)</p>
<p>Marcelo Hazin Alencar (UFPE)</p>
<p>Marcelo José Carrer (UFSCAR)</p>
<p>Márcio José das Chagas Moura (UFPE)</p>
<p>Marcone Jamilson Freitas Souza (UFOP)</p>
<p>Maristela Oliveira dos Santos (USP)</p>
<p>Michel J Anzanello (UFRGS)</p>
<p>Miguel Afonso Sellitto (UNISINOS)</p>
<p>Miriam Brochardt (Unisinos)</p>
<p>Nestor Ayala (UFRGS)</p>
<p>Osvaldo Luiz  Gonçalves  Quelhas (UFF)</p>
<p>Rafael de Carvalho Miranda (UNIFEI)</p>
<p>Renata R. Del-Vecchio (UFF)</p>
<p>Roberta de Castro Souza Piao (USP)</p>
<p>Rodrigo Caiado (PUC-Rio)</p>
<p>Sandra Naomi Morioka (UFPB)</p>
<p>Tarcisio Abreu Saurin (UFRGS)</p>
<p>Tharcisio Cotta Fontainha (UFRJ)</p>
<p>Washington Alves de Oliveira (UNICAMP)</p>

<p>COMISSÃO ORGANIZADORA LOCAL Luciana Hazin Alencar (UFPE) – Coordenadora Maisa Mendonça Silva (UFPE) Rodrigo José Pires Ferreira (UFPE) Marcelo Hazin Alencar (UFPE) Fabio Antonio Sartori Piran (Unisinos) Igor Peres (PUC-Rio) Rafael Martinelli (PUC-Rio) Marcelo Gonçalves Trentin (UTFPR) Roberto Zanetti Freire (UTFPR) COMISSÃO ORGANIZADORA ANPEPRO Diretor Presidente: Fernando Cyrino (PUC-Rio) Diretor Executivo: Flávio Sanson Fogliatto (UFRGS) &hellip; </p>
