{"id":27,"date":"2022-10-11T11:06:33","date_gmt":"2022-10-11T14:06:33","guid":{"rendered":"http:\/\/www.anpepro.org.br\/eppgep2023\/?page_id=27"},"modified":"2024-04-29T20:47:56","modified_gmt":"2024-04-29T23:47:56","slug":"o-evento","status":"publish","type":"page","link":"https:\/\/www.anpepro.org.br\/eppgep2024\/o-evento\/","title":{"rendered":"Os eventos"},"content":{"rendered":"<p>O EPPGEP \u00e9 o Encontro Cient\u00edfico da ANPEPRO, que tem como objetivos o foco em pesquisa, cria\u00e7\u00e3o de um ambiente de aconselhamento aos alunos de P\u00f3s-Gradua\u00e7\u00e3o e o reconhecimento dos discentes dos de P\u00f3s-Gradua\u00e7\u00e3o em Engenharia de Produ\u00e7\u00e3o com resultados destacados nos seus programas.<\/p>\n<p>&nbsp;<\/p>\n<p>O ENPPEPRO \u00e9 o Encontro Nacional de Programas de P\u00f3s-Gradua\u00e7\u00e3o em Engenharia de Produ\u00e7\u00e3o e tem como objetivo principal reunir coordenadores (as) e docentes e gerar subs\u00eddios para um planejamento estrat\u00e9gico dos programas e identificar oportunidades de parcerias entre os envolvidos.<\/p>\n<p>&nbsp;<\/p>\n<p>O processo seletivo dos artigos \u00e9 realizado de forma descentralizada por meio dos Programas de P\u00f3s-Gradua\u00e7\u00e3o (PPG\u2019s), para garantir a sele\u00e7\u00e3o dos melhores artigos pelos colegiados dos programas.<\/p>\n<p>&nbsp;<\/p>\n<p>Cada PPG selecionar\u00e1 at\u00e9 2 artigos de Mestrado Acad\u00eamico (MA), 3 de Doutorado (DO) e 1 de Mestrado Profissional (MP); al\u00e9m de 2 de Produto Tecnol\u00f3gico (PT), podendo ser MA, MP ou DO.<\/p>\n<p>&nbsp;<\/p>\n<p style=\"text-align: center;\"><img loading=\"lazy\" decoding=\"async\" class=\"aligncenter size-full wp-image-270\" src=\"http:\/\/www.anpepro.org.br\/eppgep2023\/wp-content\/uploads\/2022\/11\/artigos-1.jpg\" alt=\"\" width=\"1280\" height=\"332\" srcset=\"https:\/\/www.anpepro.org.br\/eppgep2024\/wp-content\/uploads\/2022\/11\/artigos-1.jpg 1280w, https:\/\/www.anpepro.org.br\/eppgep2024\/wp-content\/uploads\/2022\/11\/artigos-1-300x78.jpg 300w, https:\/\/www.anpepro.org.br\/eppgep2024\/wp-content\/uploads\/2022\/11\/artigos-1-1024x266.jpg 1024w, https:\/\/www.anpepro.org.br\/eppgep2024\/wp-content\/uploads\/2022\/11\/artigos-1-768x199.jpg 768w\" sizes=\"auto, (max-width: 1280px) 100vw, 1280px\" \/><\/p>\n<p>&nbsp;<\/p>\n<p>Tamb\u00e9m poder\u00e3o participar egressos, desde que tenham sido alunos at\u00e9 o ano anterior do evento, ou seja, que tenham conclu\u00eddo o curso a partir de 2023.<\/p>\n<p>&nbsp;<\/p>\n<p>Haver\u00e1 premia\u00e7\u00e3o para o melhor trabalho apresentado por alunos de DO, MA, MP e de PT (que pode ser aluno de qualquer modalidade).<\/p>\n","protected":false},"excerpt":{"rendered":"<p>O EPPGEP \u00e9 o Encontro Cient\u00edfico da ANPEPRO, que tem como objetivos o foco em pesquisa, cria\u00e7\u00e3o de um ambiente de aconselhamento aos alunos de P\u00f3s-Gradua\u00e7\u00e3o e o reconhecimento dos discentes dos de P\u00f3s-Gradua\u00e7\u00e3o em Engenharia de Produ\u00e7\u00e3o com resultados destacados nos seus programas. &nbsp; O ENPPEPRO \u00e9 o Encontro Nacional de Programas de P\u00f3s-Gradua\u00e7\u00e3o &hellip; <\/p>\n","protected":false},"author":1,"featured_media":0,"parent":0,"menu_order":0,"comment_status":"closed","ping_status":"closed","template":"","meta":{"footnotes":""},"class_list":["post-27","page","type-page","status-publish","hentry"],"_links":{"self":[{"href":"https:\/\/www.anpepro.org.br\/eppgep2024\/wp-json\/wp\/v2\/pages\/27","targetHints":{"allow":["GET"]}}],"collection":[{"href":"https:\/\/www.anpepro.org.br\/eppgep2024\/wp-json\/wp\/v2\/pages"}],"about":[{"href":"https:\/\/www.anpepro.org.br\/eppgep2024\/wp-json\/wp\/v2\/types\/page"}],"author":[{"embeddable":true,"href":"https:\/\/www.anpepro.org.br\/eppgep2024\/wp-json\/wp\/v2\/users\/1"}],"replies":[{"embeddable":true,"href":"https:\/\/www.anpepro.org.br\/eppgep2024\/wp-json\/wp\/v2\/comments?post=27"}],"version-history":[{"count":17,"href":"https:\/\/www.anpepro.org.br\/eppgep2024\/wp-json\/wp\/v2\/pages\/27\/revisions"}],"predecessor-version":[{"id":507,"href":"https:\/\/www.anpepro.org.br\/eppgep2024\/wp-json\/wp\/v2\/pages\/27\/revisions\/507"}],"wp:attachment":[{"href":"https:\/\/www.anpepro.org.br\/eppgep2024\/wp-json\/wp\/v2\/media?parent=27"}],"curies":[{"name":"wp","href":"https:\/\/api.w.org\/{rel}","templated":true}]}}