{"id":15,"date":"2022-10-11T11:05:03","date_gmt":"2022-10-11T14:05:03","guid":{"rendered":"http:\/\/www.anpepro.org.br\/eppgep2023\/?page_id=15"},"modified":"2024-08-20T12:06:13","modified_gmt":"2024-08-20T15:06:13","slug":"form-submissao-2","status":"publish","type":"page","link":"https:\/\/www.anpepro.org.br\/eppgep2024\/form-submissao-2\/","title":{"rendered":"Submiss\u00e3o"},"content":{"rendered":"<p style=\"text-align: center;\">Caber\u00e1 aos Programas de P\u00f3s-Gradua\u00e7\u00e3o (PPG) a sele\u00e7\u00e3o dos melhores trabalhos de Doutorado (DO), Mestrado Acad\u00eamico (MA), Mestrado Profissional (MP) e Produto Tecnol\u00f3gico (PT) a serem submetidos no EPPGEP.<\/p>\n<p style=\"text-align: center;\">Egressos poder\u00e3o participar desde que tenham sido alunos at\u00e9 o ano anterior do evento, ou seja, que tenham conclu\u00eddo o curso a partir de 2023.<\/p>\n<p style=\"text-align: center;\">Cada PPG poder\u00e1 selecionar at\u00e9 2 artigos de Mestrado Acad\u00eamico (MA), 3 de Doutorado (DO), 1 de Mestrado Profissional (MP) e 2 de Produto Tecnol\u00f3gico (PT), podendo ser MA, MP ou DO.<\/p>\n<p style=\"text-align: center;\"><img loading=\"lazy\" decoding=\"async\" class=\"aligncenter size-full wp-image-270\" src=\"http:\/\/www.anpepro.org.br\/eppgep2023\/wp-content\/uploads\/2022\/11\/artigos-1.jpg\" alt=\"\" width=\"1280\" height=\"332\" srcset=\"https:\/\/www.anpepro.org.br\/eppgep2024\/wp-content\/uploads\/2022\/11\/artigos-1.jpg 1280w, https:\/\/www.anpepro.org.br\/eppgep2024\/wp-content\/uploads\/2022\/11\/artigos-1-300x78.jpg 300w, https:\/\/www.anpepro.org.br\/eppgep2024\/wp-content\/uploads\/2022\/11\/artigos-1-1024x266.jpg 1024w, https:\/\/www.anpepro.org.br\/eppgep2024\/wp-content\/uploads\/2022\/11\/artigos-1-768x199.jpg 768w\" sizes=\"auto, (max-width: 1280px) 100vw, 1280px\" \/><\/p>\n<p>&nbsp;<\/p>\n<p style=\"text-align: center;\">O encaminhamento dos trabalhos ser\u00e1 feito pela Coordena\u00e7\u00e3o dos Programas de P\u00f3s-Gradua\u00e7\u00e3o por meio do preenchimento de formul\u00e1rio online atrav\u00e9s de um sistema de submiss\u00e3o.&nbsp;<\/p>\n<p style=\"text-align: center;\">Para fazer a submiss\u00e3o ser\u00e3o necess\u00e1rio os seguintes dados: nome do PPG; Institui\u00e7\u00e3o; nome do Coordenador, e-mail do Coordenador; categoria do trabalho (DO, MA, MP ou PT); formato do trabalho (trabalho completo, <em>working paper<\/em> ou resumo estendido); t\u00edtulo do trabalho; resumo (limitado a 500 palavras); palavras-chave (at\u00e9 6); \u00e1rea do trabalho (\u00e1reas da Engenharia de Produ\u00e7\u00e3o); nome dos autores; e-mail dos autores; institui\u00e7\u00e3o dos autores; indica\u00e7\u00e3o do autor principal (discente\/egresso autor da disserta\u00e7\u00e3o\/tese que gerou o trabalho); e informa\u00e7\u00e3o se o trabalho j\u00e1 foi submetido a algum peri\u00f3dico.<\/p>\n<h3 style=\"text-align: center;\">Para realizar a submiss\u00e3o, clique no bot\u00e3o abaixo.<\/h3>\n<p style=\"text-align: center;\"><a class=\"fasc-button fasc-size-xlarge fasc-type-glossy fasc-rounded-medium\" style=\"background-color: #33809e; color: #ffffff;\" target=\"_blank\" href=\"\" rel=\"noopener\">Submiss\u00e3o encerrada!<\/a>&nbsp;<\/p>\n<p style=\"text-align: center;\"><a href=\"http:\/\/www.anpepro.org.br\/eppgep2024\/wp-content\/uploads\/2024\/05\/Tutorial-Sistema-de-Submissao-EPPGEP-2024.pdf\"><strong>Tutorial para Submiss\u00e3o<\/strong><\/a><\/p>\n","protected":false},"excerpt":{"rendered":"<p>Caber\u00e1 aos Programas de P\u00f3s-Gradua\u00e7\u00e3o (PPG) a sele\u00e7\u00e3o dos melhores trabalhos de Doutorado (DO), Mestrado Acad\u00eamico (MA), Mestrado Profissional (MP) e Produto Tecnol\u00f3gico (PT) a serem submetidos no EPPGEP. Egressos poder\u00e3o participar desde que tenham sido alunos at\u00e9 o ano anterior do evento, ou seja, que tenham conclu\u00eddo o curso a partir de 2023. Cada &hellip; <\/p>\n","protected":false},"author":1,"featured_media":0,"parent":0,"menu_order":0,"comment_status":"closed","ping_status":"closed","template":"","meta":{"footnotes":""},"class_list":["post-15","page","type-page","status-publish","hentry"],"_links":{"self":[{"href":"https:\/\/www.anpepro.org.br\/eppgep2024\/wp-json\/wp\/v2\/pages\/15","targetHints":{"allow":["GET"]}}],"collection":[{"href":"https:\/\/www.anpepro.org.br\/eppgep2024\/wp-json\/wp\/v2\/pages"}],"about":[{"href":"https:\/\/www.anpepro.org.br\/eppgep2024\/wp-json\/wp\/v2\/types\/page"}],"author":[{"embeddable":true,"href":"https:\/\/www.anpepro.org.br\/eppgep2024\/wp-json\/wp\/v2\/users\/1"}],"replies":[{"embeddable":true,"href":"https:\/\/www.anpepro.org.br\/eppgep2024\/wp-json\/wp\/v2\/comments?post=15"}],"version-history":[{"count":20,"href":"https:\/\/www.anpepro.org.br\/eppgep2024\/wp-json\/wp\/v2\/pages\/15\/revisions"}],"predecessor-version":[{"id":546,"href":"https:\/\/www.anpepro.org.br\/eppgep2024\/wp-json\/wp\/v2\/pages\/15\/revisions\/546"}],"wp:attachment":[{"href":"https:\/\/www.anpepro.org.br\/eppgep2024\/wp-json\/wp\/v2\/media?parent=15"}],"curies":[{"name":"wp","href":"https:\/\/api.w.org\/{rel}","templated":true}]}}